 = -55. What is the units digit of i?
9
Let d(p) be the second derivative of 9*p**5/20 + p**4/12 + 2*p**3/3 - 5*p**2/2 + 18*p. What is the tens digit of d(2)?
7
Let y(f) = 7*f**2 - 49*f + 16. What is the tens digit of y(14)?
0
Let y(n) = n + 4. Let q be y(0). Let m be (-3852)/8 - 2/q. What is the tens digit of m/(-12) - (-4)/(-24)?
4
Suppose 4*w - 5*r = 9, 2*w + 0 = 2*r + 4. Let a(o) = 9*o**2 + o + 1. What is the tens digit of a(w)?
1
Suppose -4*z = -2*s - 3*z + 242, -z - 361 = -3*s. Suppose 4*c + 3*d - s = -2*d, 2*d - 110 = -4*c. What is the units digit of c?
6
Let c be 3*(0 - (0 + -1)). Suppose 4*q = 5*l - 447, c*l - 125 = -2*q + 152. What is the units digit of l?
1
Suppose -23*m = 10766 - 25440. What is the units digit of m?
8
Suppose 2*v + 24 = -2*n, 0 = 3*n + 3*v - 6*v + 24. Let k be (-4)/(-12) + n/3. What is the units digit of 6*(k + 5 - 1)?
6
Let g = 1522 - 827. What is the tens digit of g?
9
Let d(k) = -3*k**2 - k + 4. Let c be d(7). Let g = c - -96. What is the units digit of 4/(-18) - 1740/g?
2
What is the units digit of (3/((8/4)/2))/1?
3
Let s(k) = 3*k**3 - 4*k**2 - 8*k - 4. Let c(v) = 10*v**3 - 13*v**2 - 24*v - 11. Let u(t) = -2*c(t) + 7*s(t). What is the units digit of u(5)?
9
Suppose -4*g = 2*g - 18. Suppose -4*l = -j - 201, 0*l - g*l = -j - 150. What is the tens digit of l?
5
Suppose -2*g = 7*g - 27. Suppose -719 = -g*v + w, v - 3*v = 3*w - 483. What is the tens digit of v?
4
Let f(m) = 1. Let k(v) = -v**2 - 7*v - 6. Let r(b) = 6*f(b) + k(b). Let n be r(-7). Suppose n = -i - 0 + 27. What is the tens digit of i?
2
Suppose -31*u - 1304 = -39*u. What is the hundreds digit of u?
1
Let c be -3*5*32/(-40). Let y = c - 10. Suppose y*j - 12 = j. What is the tens digit of j?
1
Let n = 5170 - 3686. Suppose -19*q + 4733 = n. What is the hundreds digit of q?
1
Let n(c) = 4*c - 4 - 10*c**2 + 5 + 23*c**2 - 10*c**2 - c. Suppose 2 = -2*l + 12, -2*y - 4*l + 26 = 0. What is the units digit of n(y)?
7
Suppose 7*t = 3*t - 2*q + 22, 5*q = -4*t + 31. Suppose -3*h = 3*m - 166 - 236, 3*m + t*h = 400. What is the hundreds digit of m?
1
Suppose -4*q = 104 - 404. Let i = q - -48. What is the hundreds digit of i?
1
What is the units digit of (3717 - 2) + (-3 - 3)?
9
Let h(s) = s**2 - 12*s - 3. Let y(b) = -b**2 - b + 3. Let c(a) = 5*a**2 + 3*a - 12. Let r(n) = 2*c(n) + 9*y(n). Let k be r(5). What is the units digit of h(k)?
0
Suppose h + 0*h = 0, s + 4*h - 3 = 0. Suppose 4*t + 2*c = 142, 2*t + 205 = 7*t - s*c. What is the tens digit of t?
3
Let l be (-14)/(-7)*(-22)/(-4). Suppose 0 = -4*j + l + 13. Let i = 12 - j. What is the units digit of i?
6
Suppose -4*q + 1732 = 4*b, 2*q - 872 = -10*b + 6*b. What is the tens digit of q?
3
What is the hundreds digit of (30*(-30)/(-27))/(4/102)?
8
Suppose i = -4*o + 1990, 2*i + 1984 = -2*o + 6*o. What is the tens digit of o?
9
Suppose 3*q = 9, -45 = -3*p - 2*q - 0*q. Suppose l - p = 25. Suppose -12*u + 13*u - l = 0. What is the tens digit of u?
3
Let d = -9 + 16. Suppose 3*m - d = 2. Suppose -m*f + 4*b + 144 = 0, 2*f + 2*f - 2*b = 202. What is the tens digit of f?
5
Let p(z) = 314*z + 256. What is the tens digit of p(6)?
4
Let m = 95 - 134. What is the units digit of 1/(4 + 153/m)?
3
Let x(t) = -133*t**2 + 2*t. Let c be x(1). Let b = c - -213. What is the units digit of b?
2
Let d = -3300 - -5719. What is the thousands digit of d?
2
Let c be ((-9)/3)/(0 - 1) - -506. Let q = -326 + c. What is the hundreds digit of q?
1
What is the hundreds digit of (-5)/25 + ((-9924)/10)/(-2)?
4
Suppose 0 = u + 5*f - 17, -u - 3*f + 129 = 4*u. Let a = u + -24. Suppose a*j - 115 = -16. What is the units digit of j?
3
Let c = -8 + 19. Let f(n) = 8*n - 6. What is the tens digit of f(c)?
8
Let s = 4440 + -2484. What is the thousands digit of s?
1
Suppose q = 2*q + 53. What is the tens digit of q/(-2) + 21/(-14)?
2
Let j(q) = -q**3 + 6*q**2 + 3*q + 2. What is the tens digit of j(5)?
4
Let c be 296/(-10) - (-6)/10. Let o be 2/4*(c - 1). Let j = 6 - o. What is the tens digit of j?
2
Let o be -3*(5 - 2 - (-1)/(-3)). Let y(t) = -t**3 - 6*t**2 + t - 11. What is the units digit of y(o)?
9
Let d = -1077 + 1523. What is the hundreds digit of d?
4
Suppose -1968 = -6*j - 18*j. What is the units digit of j?
2
Let r be 5/(-10) + 10/4. Suppose r*m + 174 = 5*l, -4*m - 13 = 2*l - 73. Suppose l = 5*g - 31. What is the units digit of g?
3
Let t be 4 + (-8)/(-4) + 0. Suppose -7*i = -10*i + t. What is the units digit of i?
2
Let a be (-1)/3*(-2 - -2). Let i = a + -6. What is the units digit of (4/5)/(i/(-75))?
0
Suppose -1280 = -o + 5*f + 630, o = -4*f + 1955. What is the thousands digit of o?
1
Suppose -5*m + 11135 = 5*f, 4*m = 2*f + f + 8894. What is the hundreds digit of m?
2
Suppose u - y = 2, -4*u - y + 4 = 1. Suppose z - u = 0, 5*z - 83 - 372 = -3*x. What is the tens digit of x?
5
Let a(z) = -4*z**3 + 14*z**2 - 13*z. Let d(r) = 5*r**3 - 14*r**2 + 12*r + 1. Suppose 4*l + 8 = -8. Let y(k) = l*a(k) - 3*d(k). What is the tens digit of y(13)?
3
Let a be 20*(216/(-10))/6. Let d = -32 + -7. Let t = d - a. What is the tens digit of t?
3
Suppose -5*p + 2867 = -6*g, 0 = -4*p + 2*g - 992 + 3280. What is the hundreds digit of p?
5
Let z(v) = v**3 + 8. Let f be z(0). Suppose 0*o + 5*u = o - 54, 216 = 4*o - 2*u. Suppose 0 = -f*q + 5*q + o. What is the units digit of q?
8
Suppose -3*x = -2*x + 5*j - 88, -5*x - 3*j = -374. Let r = 40 - x. What is the tens digit of (r - -5)*(-10)/8?
3
Let g = -15 + 17. Suppose g*w - 3*i = 106, 5*i - 4*i = 3*w - 152. What is the tens digit of w?
5
Let w(y) = y + 4. Let u be w(0). Suppose -2*f = -4*f - 3*s + 9, 0 = 3*s + 3. Suppose -u*k = -7*k + f. What is the units digit of k?
2
Let w(h) be the third derivative of -5*h**4/6 + h**3/2 - h**2. Let n be w(-2). Suppose -3*y = -n - 17. What is the units digit of y?
0
Let r = 51 + -132. What is the units digit of (-18)/r + (-682)/(-9)?
6
Let y be (1090/(-6))/(10/(-30)). Suppose y = 5*m + 10. What is the hundreds digit of m?
1
Let d(a) be the third derivative of a**5/30 + 5*a**4/12 - 4*a**2. Let j be d(-5). Suppose 4*g - 44 - 16 = -3*b, j = b - 4*g - 4. What is the tens digit of b?
1
Suppose -37417 = 29*o - 60*o. What is the hundreds digit of o?
2
Suppose -46*a + 42*a + 8996 = 0. What is the tens digit of a?
4
Suppose -3*y = -f + 536, 5*f - 7*f = -4*y - 1082. What is the units digit of f?
1
Let i = -21 + 24. Suppose -r + 5*r - 97 = -3*x, -i*x = -5*r + 155. What is the tens digit of r?
2
Let h be (0 + (-4)/6)*6. Suppose -11 = 3*w + o - 55, 0 = 5*w + 5*o - 90. Let m = w + h. What is the units digit of m?
9
Let l(v) = -9*v + 16. Suppose 0 = -q + 3*q + 12. What is the units digit of l(q)?
0
Suppose 0*r + 2*r + 5*g = -1, -g = 1. Suppose 0 = -r*v + 103 + 41. What is the tens digit of v?
7
Let h be (-276)/(-45) + 2/(-15). Suppose -h*n = -n. Suppose n = 2*k - 5*k + 93. What is the tens digit of k?
3
Let j be ((-5)/10)/(-1 + (-5)/(-6)). Suppose 2*g + 64 = p - 3*g, p + j*g - 40 = 0. What is the tens digit of p?
4
Let o be 4/(-14) + (-88)/(-14). What is the units digit of 2*7 + (-10)/(20/o)?
1
Suppose 4*y - 26 = 2*y. Suppose y*q - 108 = 10*q. Let u = q + -9. What is the units digit of u?
7
Let p = -625 + 415. Let j = -121 - p. What is the tens digit of j?
8
What is the units digit of (-36)/(-54) + (-620)/(-6)?
4
What is the tens digit of (2 - -1196)/((-16)/(-40))?
9
Let b(c) be the first derivative of -c**3 + 4*c**2 - c - 3. Let z(y) = -2*y**2 + 4*y - 1. Let q(x) = 3*b(x) - 5*z(x). What is the units digit of q(-5)?
7
Let b be 1*(-39)/3 + -3. Let f = 73 + b. What is the tens digit of f?
5
Suppose -y + 18 = -a, -4*y + 0*y + a = -78. Suppose -51*w + 24 = -48*w. Let o = y - w. What is the units digit of o?
2
Suppose 16 = -4*p - 12*p. Suppose -2*n + 4 = 2*o, o - 3 = n + 5. Let f = p - n. What is the units digit of f?
2
Let w(a) be the first derivative of 5*a**3/3 + 3*a**2/2 + a + 133. Suppose -2*u + 0 = 5*n + 9, -2*n - 3*u = -3. What is the units digit of w(n)?
7
Let n(p) = -p**3 + 12*p**2 - p + 12. Let b be n(12). Suppose y + 5*m = 16, y - 4 = -b*y - 2*m. Let o = y - -18. What is the units digit of o?
4
Let t(a) = 7*a**2 + 10*a + 114. What is the hundreds digit of t(-10)?
7
Suppose 625 + 675 = 10*d. What is the units digit of d?
0
Suppose -d + 173 = 2*d + h, -d + 63 = 3*h. Suppose -561 = -9*g - d. What is th